**2 - 35*o + 18. List the prime factors of h(14).
2, 29
Suppose 2*s - 2*k = 5*s - 12, 9 = -3*s + 5*k. Let c be ((-2 - -3) + s)*1. Suppose -y - c*y + 24 = 0. List the prime factors of y.
2, 3
Suppose -3*d + 25 + 25 = 5*m, 2*d - 3*m = 46. Suppose 4*g + 5*l = -d, 3*g = -g + 5*l - 60. List the prime factors of (-94)/g + 8/(-20).
3
Suppose -2*r = 2*z - 450, r + 0*r - 237 = 3*z. Suppose -5*c + r = -2*c. Suppose 5*g = 9 + c. What are the prime factors of g?
17
Let l be (3 + -2)*(-6)/1. What are the prime factors of ((-76)/l)/(4/6)?
19
Let g(u) = -4*u**2 - 3*u. Let i be 1/(2*(-3)/(-6)). Let l(x) = x**3 + x**2 + x - 1. Let o(b) = i*l(b) + g(b). List the prime factors of o(4).
7
Let t be ((-6)/4)/((-3)/4). Let o be 5 + (-2 + 2 - t). Suppose o*s - 44 = m - 10, 3*m + 3 = 0. List the prime factors of s.
11
Let j(f) = -f - 5. Let z be j(-7). Suppose m + 124 = 5*v, -3*v - z*m = -31 - 33. What are the prime factors of v?
2, 3
Suppose -1303 = -3*i - 4*n - 61, 4*i - 1687 = 5*n. List the prime factors of i.
2, 11, 19
Let s(q) be the second derivative of q**4/12 + 5*q**2 + q. What are the prime factors of s(0)?
2, 5
Suppose 0 = 4*m - 2*m + 4. Let i = 17 - 10. List the prime factors of m/(-7) + 54/i.
2
Suppose -13 = q - 178. What are the prime factors of q?
3, 5, 11
Let n be ((-3)/(-6))/(2/(-52)). Let f = n + 26. What are the prime factors of f?
13
Suppose 4*a = 2*b + 2*b - 80, -a + 5*b - 28 = 0. Let l = -2 - a. Suppose -4*w + l = -5*n, -3*w - 5*n + 47 = -0*w. List the prime factors of w.
3
Let w(l) = -7*l + 14. Let h be w(10). Let r be -3 - 0 - (h - -1). Suppose 5*q = q + r. List the prime factors of q.
13
Suppose -y - 3 = -2*y. Suppose 8 - 2 = y*k. What are the prime factors of k?
2
Suppose -44 = -4*g + 4. Suppose 5*h = l - 0 + g, -3*h = -3*l + 12. What are the prime factors of l?
2
Suppose -5*b + 109 = -31. List the prime factors of b.
2, 7
Let b(z) = -6*z + 5. Let u be b(3). Let v(d) = -d**3 - 14*d**2 - 15*d - 5. What are the prime factors of v(u)?
3, 7
Suppose -1 + 11 = 2*z. Let s(m) = 5*m - z*m + 10 - m. What are the prime factors of s(-10)?
2, 5
Let q = 158 - 93. Let g = q + -44. List the prime factors of g.
3, 7
Let h be (-2 + -13)/(3 - 2). List the prime factors of ((-2)/(-4))/(h/(-1410)).
47
Let q be (-46)/(-11) + (-6)/33. Suppose 0*a - q*a = 12. What are the prime factors of a/((-6)/40) + 0?
2, 5
Let f = -5 + -5. Let r(l) = l**3 + 9*l**2 - 12*l + 1. Let w be r(f). What are the prime factors of (12/w)/((-4)/(-14))?
2
Let s be 0 + 5 - 1*-3. What are the prime factors of -4*(-2)/s + 4?
5
Suppose -4*p + 54 = 3*l, 0 = l - 6*l - 5*p + 85. Suppose -2*k - l = -2*m, 5*m = k + 10 + 21. Let f(s) = s + 1. List the prime factors of f(m).
7
Suppose -5*h + 286 - 61 = 0. Suppose -169 + h = -4*n. List the prime factors of n.
31
Let s(f) = 3*f - 4. Let l be s(3). Suppose l*i + d = -0*i + 17, 4 = 2*i - d. Suppose 3*y + y - 6 = -i*t, -4*y - 4 = -2*t. List the prime factors of t.
2
Let t(p) = p**3 - 17*p**2 + 42. What are the prime factors of t(17)?
2, 3, 7
Suppose 4*n = k + 16, k + 1 = -0*k + n. What are the prime factors of k?
2
Let w = 7 - 14. Let x(t) = -t + 5. What are the prime factors of x(w)?
2, 3
Suppose 5*q = 4*v - 1206, 6*v - 2*q + 594 = 8*v. What are the prime factors of v?
13, 23
Let r(b) = -b**2 + 4*b + 5. Let y be r(4). Let n(k) = k - 1. Let z be n(y). Suppose -3*i = -25 + z. What are the prime factors of i?
7
What are the prime factors of -2 + 1 - (-4 + -23)?
2, 13
List the prime factors of ((-1)/3)/(((-15)/5)/423).
47
Suppose 0 = 4*m - 4, 3*r + m + 2 = -3. Let c = r + 4. Let h(i) = i. List the prime factors of h(c).
2
Let u be (3/(-3))/(-1) + 6. Suppose 2*r + 6 + u = i, -2*i = 4*r + 6. Suppose i*q - 6 = 44. What are the prime factors of q?
2, 5
Suppose 4*m - 4*s - 35 = 5, -5*m - 3*s + 66 = 0. Suppose -2*k + 5*k = m. What are the prime factors of k?
2
Let u(b) = 7*b - 82. What are the prime factors of u(24)?
2, 43
Suppose 3*j - 80 = 7*j. Let u = j + 36. What are the prime factors of ((-9)/(-2))/(6/u)?
2, 3
Suppose 2*m - 4*j = 556, 1418 = 5*m + 3*j + j. What are the prime factors of m?
2, 3, 47
Suppose -5*j - 38 = -2*y, 4*j = -y + 2*j + 1. What are the prime factors of y?
3
Suppose 3*w + 15 = 6. What are the prime factors of w/(-2)*(-28)/(-3)?
2, 7
Suppose -109 = -5*l + 46. What are the prime factors of l?
31
Let j(s) = -s + 18. Let q be j(14). Suppose -q*i + 203 = 71. What are the prime factors of i?
3, 11
Suppose j = 4*f - 148 + 8, 4*f - 3*j = 132. What are the prime factors of f - 3/((-9)/6)?
2, 19
Let f(b) = -49*b - 65. Let a(l) = -490*l - 651. Let n(j) = -2*a(j) + 21*f(j). Let g(h) = -3*h - 4. Let p(z) = 63*g(z) - 4*n(z). List the prime factors of p(2).
2, 7
Let i(w) = 4*w**2 + 6*w + 2. Let c(s) = -s**2 - 1. Let y(v) = 2*c(v) + i(v). Let a be 6/(2 - 14/4). What are the prime factors of y(a)?
2
What are the prime factors of (-5)/(-25) - 0 - 1528/(-10)?
3, 17
Let p = -5 + 7. Suppose -j + p*t = 4, -4 = -3*j + 5*j - 3*t. List the prime factors of j.
2
Let t(u) be the third derivative of -u**5/60 + 3*u**4/8 + 5*u**3/3 - 3*u**2. Let r be t(7). What are the prime factors of r/14 + 8/28?
2
Suppose 20 = 2*k - 4*r, -2*k - 7 = -3*k + r. Suppose 3*m + 2*o + 2*o = 36, o = 4*m - 29. Let j = m - k. List the prime factors of j.
2
Let o = -28 + 44. Let p = o - 9. List the prime factors of p.
7
Suppose 0 = -5*g + 367 - 132. What are the prime factors of g?
47
Let w(b) = -b - 4. Let p be w(-8). Suppose -5*l + 3 + 11 = -4*r, 2*r + 20 = -p*l. What are the prime factors of (15/(-10))/(1/r)?
3
Let x be (-2)/6 + 279/27. Let l = 5 - x. Let m = 19 + l. What are the prime factors of m?
2, 7
Let t be (-14)/(-3) + 1/3. Suppose -2*f + 3 = 9. Let o = t - f. What are the prime factors of o?
2
What are the prime factors of (-30)/((-5)/(60/8))?
3, 5
What are the prime factors of ((-18)/(-8) + -3)/(3/(-780))?
3, 5, 13
Let y = 1 - 3. Let s be (0 - y)/((-1)/(-2)). Suppose s*i - 3*w = 15, -3*i - w + 13 + 8 = 0. What are the prime factors of i?
2, 3
Suppose -2*g - 2*h = 2*g + 16, 28 = -4*g + h. What are the prime factors of (10 - -2)/(g/(-4))?
2
Suppose 0*y + 6*y = 48. List the prime factors of y/36 - 356/(-18).
2, 5
Suppose -4*j = j - 85. Suppose -4*u - 4*a - 8 = 0, 5*a + 3 = -4*u - 2. Let m = u + j. What are the prime factors of m?
2, 3
Suppose -5*f = 5*j - 30, 0 = 2*f + 2*f + 5*j - 23. Suppose 4*c = 1 + f. List the prime factors of c.
2
Suppose -2*h + 12 = 4. Suppose -85 = -3*c + 4*i - 2*i, -5*c + 105 = h*i. What are the prime factors of c?
5
Let r(h) = -2*h**2 + 2*h + 4. Let u(j) = j + 1. Let g(d) = -r(d) + 6*u(d). Let x be g(-2). Suppose -3*y + 11 = x. List the prime factors of y.
3
Let k(x) = x**3 + 2*x**2 - x + 161. What are the prime factors of k(0)?
7, 23
Let y(b) = -b**3 + 9*b**2 - 7*b - 2. Let a(f) = 2*f + 2. Suppose -2 - 13 = -5*g. Let h be a(g). What are the prime factors of y(h)?
2, 3
Suppose -2*n + 5*c = -397, c - 15 + 16 = 0. List the prime factors of n.
2, 7
Suppose 3*y - 4*y = -120. Suppose -6*g = -3*g - y. List the prime factors of g.
2, 5
Let i(y) be the second derivative of y**4/12 + y**3 - 11*y**2/2 - 3*y. List the prime factors of i(-9).
2
Suppose -6*d + 2*d + 20 = 0. Let g = 3 - d. List the prime factors of 1 + (-3)/3 - g.
2
Let p(n) = -n**2 - 18*n - 6. Let l(t) = -t**2 - 17*t - 5. Let v(z) = 7*l(z) - 6*p(z). What are the prime factors of v(-10)?
11
Let g(j) = j**2 + 8*j - 4. Suppose -4*m = -m + 30. List the prime factors of g(m).
2
List the prime factors of (-2)/6 - 219/(-9).
2, 3
Suppose c + 9 = 5*q, q + 3 = 2*q. Let m = c - 6. Suppose -5*h - 2*o + 1 + 6 = m, -3*o = -5*h + 27. What are the prime factors of h?
3
Let o = -67 - -23. Let q = o - -64. Suppose 0 = f + f - q. What are the prime factors of f?
2, 5
Suppose -5*s - 5*h = -4*s - 3, -6 = -2*s + 3*h. Suppose s*i - 44 = -14. What are the prime factors of i?
2, 5
Suppose 0*w - 10 = -2*w. Suppose 2*m + 2*f - 5 = f, -31 = -4*m + w*f. Suppose 2*j = -4*l + 50 - 12, m*l - 37 = -3*j. What are the prime factors of l?
2, 5
List the prime factors of 1/((-20)/144)*-5.
2, 3
Let i be 2/9 + (-2864)/(-72). Suppose 0 = 5*p + 5*t - i, -4 - 1 = -p + 2*t. List the prime factors of p.
7
Let u(c) be the second derivative of 0 + 2*c + 0*c**2 - 1/6*c**3 + 1/12*c**4. List the prime factors of u(2).
2
Suppose h = -0*h + 45. List the p